nds digit of 633894?
6
What is the tens digit of 165159?
5
What is the tens digit of 80312?
1
What is the hundreds digit of 191738?
7
What is the thousands digit of 170195?
0
What is the tens digit of 20965193?
9
What is the hundred thousands digit of 221746?
2
What is the ten thousands digit of 799307?
9
What is the hundreds digit of 961689?
6
What is the millions digit of 2040095?
2
What is the ten thousands digit of 5161132?
6
What is the hundreds digit of 1750510?
5
What is the thousands digit of 1096825?
6
What is the hundreds digit of 304348?
3
What is the ten thousands digit of 169325?
6
What is the units digit of 14041627?
7
What is the hundred thousands digit of 927639?
9
What is the hundred thousands digit of 1391992?
3
What is the hundreds digit of 2505649?
6
What is the hundred thousands digit of 435614?
4
What is the millions digit of 15056318?
5
What is the units digit of 20245?
5
What is the tens digit of 714744?
4
What is the hundred thousands digit of 262830?
2
What is the thousands digit of 2470575?
0
What is the hundreds digit of 3140558?
5
What is the thousands digit of 1431612?
1
What is the tens digit of 465405?
0
What is the ten thousands digit of 1874914?
7
What is the units digit of 526889?
9
What is the ten thousands digit of 468733?
6
What is the ten thousands digit of 109859?
0
What is the millions digit of 1298094?
1
What is the tens digit of 1076525?
2
What is the thousands digit of 5298716?
8
What is the hundreds digit of 2511559?
5
What is the hundred thousands digit of 213080?
2
What is the tens digit of 161641?
4
What is the units digit of 9975821?
1
What is the hundred thousands digit of 147268?
1
What is the units digit of 32753?
3
What is the tens digit of 207146?
4
What is the units digit of 419346?
6
What is the tens digit of 438697?
9
What is the tens digit of 4096626?
2
What is the thousands digit of 47576?
7
What is the hundreds digit of 270635?
6
What is the ten thousands digit of 247364?
4
What is the ten thousands digit of 324112?
2
What is the tens digit of 4916572?
7
What is the ten thousands digit of 2117366?
1
What is the thousands digit of 297532?
7
What is the hundreds digit of 319767?
7
What is the ten thousands digit of 30535202?
3
What is the ten thousands digit of 188676?
8
What is the thousands digit of 161263?
1
What is the tens digit of 1417457?
5
What is the hundred thousands digit of 896411?
8
What is the units digit of 311598?
8
What is the thousands digit of 239077?
9
What is the thousands digit of 447695?
7
What is the tens digit of 384489?
8
What is the tens digit of 833054?
5
What is the hundred thousands digit of 1437368?
4
What is the units digit of 1576123?
3
What is the units digit of 401724?
4
What is the tens digit of 7307029?
2
What is the units digit of 151927?
7
What is the units digit of 351263?
3
What is the hundred thousands digit of 801006?
8
What is the thousands digit of 995710?
5
What is the thousands digit of 52769?
2
What is the units digit of 11619097?
7
What is the hundred thousands digit of 2573655?
5
What is the units digit of 20460880?
0
What is the millions digit of 22487838?
2
What is the units digit of 1364031?
1
What is the hundreds digit of 22716938?
9
What is the units digit of 490320?
0
What is the tens digit of 8860776?
7
What is the ten thousands digit of 28781?
2
What is the hundreds digit of 726668?
6
What is the hundred thousands digit of 18391130?
3
What is the units digit of 393090?
0
What is the hundred thousands digit of 25391119?
3
What is the units digit of 263071?
1
What is the hundreds digit of 26476593?
5
What is the hundred thousands digit of 4174502?
1
What is the ten thousands digit of 14240?
1
What is the ten thousands digit of 11693289?
9
What is the hundred thousands digit of 8903037?
9
What is the thousands digit of 5132564?
2
What is the tens digit of 1732432?
3
What is the tens digit of 1681071?
7
What is the millions digit of 5776066?
5
What is the ten thousands digit of 13407229?
0
What is the ten thousands digit of 16749804?
4
What is the tens digit of 118881?
8
What is the millions digit of 5155802?
5
What is the millions digit of 5608750?
5
What is the hundred thousands digit of 1022293?
0
What is the millions digit of 1646832?
1
What is the thousands digit of 3209661?
9
What is the tens digit of 231970?
7
What is the units digit of 461480?
0
What is the hundred thousands digit of 704990?
7
What is the units digit of 5492858?
8
What is the hundreds digit of 280076?
0
What is the tens digit of 1679564?
6
What is the hundred thousands digit of 1747095?
7
What is the thousands digit of 4420843?
0
What is the thousands digit of 1381591?
1
What is the units digit of 80800?
0
What is the hundred thousands digit of 8774231?
7
What is the tens digit of 500846?
4
What is the hundred thousands digit of 12020629?
0
What is the ten thousands digit of 5799752?
9
What is the units digit of 28057?
7
What is the hundreds digit of 4004522?
5
What is the units digit of 250501?
1
What is the tens digit of 180643?
4
What is the tens digit of 81361?
6
What is the tens digit of 7609108?
0
What is the hundreds digit of 244797?
7
What is the units digit of 996540?
0
What is the units digit of 1489763?
3
What is the units digit of 334943?
3
What is the units digit of 72545?
5
What is the units digit of 2725897?
7
What is the hundreds digit of 190304?
3
What is the units digit of 178677?
7
What is the tens digit of 17450897?
9
What is the units digit of 935416?
6
What is the hundred thousands digit of 7485835?
4
What is the hundreds digit of 34119571?
5
What is the hundreds digit of 12457179?
1
What is the units digit of 6436216?
6
What is the units digit of 705629?
9
What is the thousands digit of 903180?
3
What is the units digit of 482250?
0
What is the hundred thousands digit of 201284?
2
What is the hundred thousands digit of 540260?
5
What is the thousands digit of 124775?
4
What is the units digit of 8053006?
6
What is the millions digit of 15089534?
5
What is the millions digit of 8556405?
8
What is the tens digit of 402597?
9
What is the hundred thousands digit of 2092762?
0
What is the units digit of 74707?
7
What is the units digit of 5561420?
0
What is the hundreds digit of 2483654?
6
What is the units digit of 598085?
5
What is the hundreds digit of 4058?
0
What is the millions digit of 1136684?
1
What is the tens digit of 227752?
5
What is the millions digit of 20856989?
0
What is the units digit of 2608232?
2
What is the ten thousands digit of 9411382?
1
What is the units digit of 246912?
2
What is the millions digit of 3535228?
3
What is the hundred thousands digit of 1279591?
2
What is the tens digit of 2025827?
2
What is the millions digit of 22533122?
2
What is the hundreds digit of 7927661?
6
What is the ten thousands digit of 4288347?
8
What is the tens digit of 961718?
1
What is the units digit of 1319828?
8
What is the tens digit of 874568?
6
What is the ten thousands digit of 38070560?
7
What is the thousands digit of 26830712?
0
What is the thousands digit of 2113945?
3
What is the thousands digit of 1739134?
9
What is the hundred thousands digit of 33972082?
9
What is the tens digit of 725433?
3
What is the tens digit of 449915?
1
What is the millions digit of 2939624?
2
What is the millions digit of 3073634?
3
What is the ten thousands digit of 185054?
8
What is the tens digit of 997605?
0
What is the millions digit of 3002223?
3
What is the tens digit of 623832?
3
What is the tens digit of 632621?
2
What is the thousands digit of 1067143?
7
What is the tens digit of 293090?
9
What is the hundreds digit of 700775?
7
What is the hundred thousands digit of 185242?
1
What is the hundred thousands digit of 9760157?
7
What is the thousands digit of 2792179?
2
What is the thousands digit of 253309?
3
What is the ten thousands digit of 100239?
0
What is the thousands digit of 653981?
3
What is the thousands digit of 10607686?
7
What is the units digit of 645794?
4
What is the ten thousands digit of 1355597?
5
What is the thousands digit of 2706451?
6
What is the tens digit of 72887?
8
What is the ten thousands digit of 2483547?
8
What is the tens digit of 402570?
7
What is the units digit of 5783?
3
What is the units digit 